49. Give c(-131).
6
Let o(v) = 3*v**2 + 248*v + 5180. Give o(-17).
1831
Let s(w) = -14*w**2 - 391*w + 20943. Calculate s(-55).
98
Let b(s) = 1315295*s - 7. Calculate b(0).
-7
Let b(n) = 27*n**3 - 23*n**2 + 14*n + 8. What is b(1)?
26
Let a(p) = p**3 - 90*p**2 + 1139*p - 94. Calculate a(75).
956
Let b(v) = 134*v - 6879. Determine b(51).
-45
Let z(l) = 7538*l - 520110. Calculate z(69).
12
Let h(w) = -8*w**3 - 390*w**2 + 112*w + 644. Determine h(-49).
-42
Let v(l) = -4*l**3 - 231*l**2 + 517*l - 1296. Determine v(-60).
84
Let k(u) = -u**3 + 22*u**2 - 433*u + 9525. What is k(22)?
-1
Let g(o) = -6*o**2 + 28*o + 891. Determine g(16).
-197
Let i(x) = 2*x**3 + 3*x**2 - 230*x + 74. What is i(10)?
74
Let f(p) = -p**3 + 202*p**2 + p - 216. Calculate f(202).
-14
Let l(k) = 7746*k + 3927198. Calculate l(-507).
-24
Let b(s) = 18*s**2 - 196*s - 12990. What is b(33)?
144
Let p(a) = -a**3 + 23*a**2 - 34*a + 1450. Give p(24).
58
Let z(d) = -d**3 - 115*d**2 + 4037*d + 4028. What is z(29)?
-3
Let f(b) = 3*b**2 + 6097*b + 24369. Calculate f(-4).
29
Let a(j) = 16*j**3 + 83*j**2 - 211*j - 1159. Calculate a(-5).
-29
Let f(k) = -4*k**2 - 8450*k - 58952. Determine f(-7).
2
Let p(y) = y**3 - 248*y**2 - 510*y + 2507. Determine p(250).
7
Let c(u) = -3*u**3 - 7*u**2 + 907*u + 6270. Determine c(-7).
607
Let g(s) = 60837*s + 60823. What is g(-1)?
-14
Let u(l) = 6*l**2 - 73*l + 554. Give u(9).
383
Let u(o) = 39*o**2 - 483*o - 1549. Calculate u(15).
-19
Let y(h) = 8*h**2 + 1776*h + 66828. What is y(-48)?
12
Let i(d) = 8312*d - 8248. Calculate i(1).
64
Let h(k) = -84*k**2 + 9017*k - 3116. Give h(107).
-13
Let o(b) = -3*b**3 + 599*b**2 + 3283*b - 625. Give o(205).
-10
Let o(l) = -2*l**2 - 651*l - 5702. What is o(-9)?
-5
Let c(o) = o**3 - 141*o**2 - 741*o + 194. What is c(146)?
-1412
Let a(c) = 1784*c + 297936. Determine a(-167).
8
Let t(f) = -169*f**2 - 13465*f - 22067. Calculate t(-78).
7
Let u(c) = -14*c**3 + 1789*c**2 + 399*c - 1945. What is u(128)?
-25
Let h(n) = -5559*n - 433737. Calculate h(-78).
-135
Let o(p) = 417*p**2 - 59220*p + 855. What is o(142)?
3
Let i(s) = s**3 + 36*s**2 + 1528*s + 54996. Give i(-36).
-12
Let h(j) = -j**3 + 52*j**2 - 241*j - 155. What is h(46)?
1455
Let f(w) = -4*w**3 - 57*w**2 - 269*w - 2549. Give f(-13).
103
Let q(c) = 5*c**3 - 36*c**2 + 1403*c - 9783. What is q(7)?
-11
Let z(f) = -1094*f**2 - 12033*f - 97. Determine z(-11).
-108
Let n(g) = 106*g**2 - 86*g - 94. Calculate n(-1).
98
Let c(u) = 10*u**2 + 175*u + 18. Determine c(-16).
-222
Let o(r) = -15*r**3 + 38*r**2 + 93*r - 14. Determine o(4).
6
Let c(m) = 25*m**3 - 150*m**2 + 21*m - 179. What is c(6)?
-53
Let f(z) = z**3 + 32*z**2 + 162*z + 2998. What is f(-29)?
823
Let g(j) = -4284*j - 12314. Determine g(-4).
4822
Let v(x) = x**2 - 157*x + 5677. Determine v(52).
217
Let r(f) = -3*f**3 - 77*f**2 - 126*f - 1667. Calculate r(-25).
233
Let v(c) = -519*c - 22867. Calculate v(-44).
-31
Let j(o) = o**3 + o**2 - 3906*o - 19543. Determine j(-5).
-113
Let x(j) = j**3 - 21*j**2 - 385*j + 7123. What is x(25)?
-2
Let w(l) = 5441*l - 2437565. Determine w(448).
3
Let g(v) = v**3 - 20*v**2 + 205*v - 2388. Calculate g(13).
-906
Let g(q) = 27*q**3 - 7489*q**2 + 2779*q - 2488. Calculate g(277).
5
Let b(d) = -323*d + 28457. Determine b(88).
33
Let m(k) = 5*k**2 + 686*k - 4224. Calculate m(6).
72
Let s(d) = 5056*d + 20236. Calculate s(-4).
12
Let x(b) = -b**2 + 2965*b + 93189. Calculate x(-31).
313
Let d(v) = -v**2 - 221*v - 7495. What is d(-44)?
293
Let q(h) = 8007*h + 680660. What is q(-85)?
65
Let r(u) = -16*u**3 - u**2 - 360*u + 734. Give r(2).
-118
Let l(z) = -z**3 + 37*z**2 + 150*z + 2415. Give l(43).
-2229
Let o(k) = -2*k**3 + 27*k**2 + 127*k + 33. Give o(17).
169
Let l(v) = -v**3 - 5*v**2 + 77*v + 71. Give l(-12).
155
Let d(m) = -87*m**2 + 368*m - 17. Determine d(2).
371
Let i(b) = 7*b**3 + 13*b**2 + 10*b + 73. Determine i(-6).
-1031
Let r(m) = -3301*m + 23113. Give r(7).
6
Let d(f) = -4164*f - 83260. Calculate d(-20).
20
Let v(y) = 1054*y + 7388. Give v(-7).
10
Let t(l) = -534*l - 5522. Give t(-10).
-182
Let k(g) = 2*g**2 + 16742*g + 334029. Calculate k(-20).
-11
Let v(j) = -j**3 + 219*j**2 - 416*j - 26. Calculate v(2).
10
Let y(x) = -2387*x + 47735. What is y(20)?
-5
Let g(t) = 161*t**2 - 1463*t + 1. Determine g(6).
-2981
Let u(r) = 1853*r - 13073. Calculate u(7).
-102
Let a(n) = 548*n + 4410. Give a(-9).
-522
Let b(c) = 41*c**3 - 7*c**2 - 84*c - 77. What is b(-1)?
-41
Let l(g) = -137*g**2 - 857*g + 26. Determine l(-6).
236
Let r(t) = -t**2 - 172*t + 2929. What is r(17)?
-284
Let q(r) = 2*r**3 + 252*r**2 + 717*r - 59658. Calculate q(-121).
-5
Let z(x) = -130*x**2 + 452*x + 574. Give z(-1).
-8
Let q(r) = 100*r - 5955. What is q(86)?
2645
Let w(c) = -c**2 + 104*c + 1148. Determine w(116).
-244
Let q(c) = 5119*c + 4299956. Calculate q(-840).
-4
Let v(s) = -333*s + 3977. Give v(12).
-19
Let z(r) = 5996*r - 1259045. What is z(210)?
115
Let x(s) = -3*s**2 + 130*s + 815. Give x(42).
983
Let u(v) = -16233*v - 227279. Calculate u(-14).
-17
Let u(t) = 558*t + 1627. Calculate u(-1).
1069
Let f(l) = 8*l**3 + 297*l**2 + 41*l + 6. Calculate f(-37).
-142
Let h(g) = -4468*g - 701390. What is h(-157)?
86
Let o(p) = 119*p + 2875. Calculate o(-13).
1328
Let q(k) = 72*k**2 + 26430*k + 2263. What is q(-367)?
61
Let x(z) = -2*z**2 - 2204*z + 122434. Determine x(-1155).
4
Let q(z) = -214*z**3 - z**2 + 428*z - 426. Calculate q(1).
-213
Let c(r) = -r**2 + 1131*r - 4501. Give c(4).
7
Let k(o) = o**2 + 28156*o + 281414. Give k(-10).
-46
Let g(j) = j**3 - 17*j**2 - 144*j - 8997. What is g(31)?
-7
Let g(n) = -58*n**2 + 4342*n + 596. Give g(75).
-4
Let b(v) = -1448*v - 14545. Calculate b(-10).
-65
Let l(g) = -2611*g - 383822. Calculate l(-147).
-5
Let b(d) = d**3 - 41*d**2 + 195*d + 796. Determine b(35).
271
Let z(n) = 4*n**3 - 4*n**2 - 89*n - 343. Determine z(-4).
-307
Let s(p) = -p**2 - 77908*p - 5759717. Give s(-74).
-1
Let b(d) = 30*d**3 - 356*d**2 - 46*d - 26. Give b(12).
-2
Let p(u) = -42*u**2 - 958*u - 37. What is p(-22)?
711
Let w(i) = 15*i**3 + 450*i**2 - 8*i - 237. Determine w(-30).
3
Let z(b) = -6*b**3 - 416*b**2 - 140*b + 289. Determine z(-69).
427
Let f(l) = l**2 - 49*l - 2900. Calculate f(-35).
40
Let s(v) = -19218*v + 154210. Give s(8).
466
Let d(i) = -178128*i - 1425031. Determine d(-8).
-7
Let c(j) = -j**2 + 87*j + 631. What is c(-8)?
-129
Let j(p) = -767356*p + 21485972. Calculate j(28).
4
Let u(y) = -124*y + 3723. Give u(36).
-741
Let d(x) = 3302*x - 303744. Determine d(92).
40
Let m(d) = -d**2 - 80*d + 2347. Give m(-95).
922
Let l(m) = -m**3 + 9*m**2 - 390*m + 7196. Determine l(15).
-4
Let w(c) = -4135*c**2 - 20636*c + 10. Determine w(-5).
-185
Let z(d) = -55972*d - 895562. What is z(-16)?
-10
Let t(b) = -1056*b + 404437. Give t(383).
-11
Let u(y) = 791658*y - 70457555. Give u(89).
7
Let o(p) = -7*p**2 + 1553*p + 23438. What is o(-15)?
-1432
Let y(x) = -31966*x**2 - 543426*x - 76. Determine y(-17).
-8
Let a(w) = 1096*w - 7764. Determine a(7).
-92
Let y(n) = -9*n**2 + 981*n + 19226. Calculate y(-18).
-1348
Let c(d) = 2*d**2 - 1447*d + 254065. Give c(300).
-35
Let f(w) = -14837*w - 697345. Give f(-47).
-6
Let x(g) = 34*g**2 - 664*g + 58. What is x(18)?
-878
Let u(v) = -14402*v + 532866. Give u(37).
-8
Let i(s) = -78*s + 6081. Determine i(76).
153
Let d(y) = y**3 + 127*y**2 + 14*y + 18197. Calculate d(-128).
21
Let m(o) = o**3 + 84*o**2 - 86*o - 230. Give m(-85).
-145
Let n(c) = 84*c**2 - 560*c - 3878. What is n(-7)?
4158
Let n(u) = -139*u**2 + 416*u + 1621. Determine n(-4).
-2267
Let q(n) = -7833*n - 93998. Calculate q(-12).
-2
Let r(f) = 3*f**2 + 858*f + 54439. Determine r(-191).
4
Let j(a) = a**2 - 4754*a - 42884. Determine j(-9).
-17
Let s(b) = b**3 - 86*b**2 - 6428*b - 806. What is s(134)?
-270
Let z(p) = 3*p**3 - 102*p**2 + 674*p - 1381. What is z(26)?
-81
Let m(p) = 166*p**2 + 8981*p + 177. Calculate m(-54).
-741
Let h(x) = -2*x**3 - 74*x**2 - 722*x - 57. Calculate h(-19).
665
Let s(x) = x**3 - 300*x**2 - 2784*x + 921846. Determine s(299).
29
Let z(y) = -4*y**3 - 389*y**2 + 706*y + 1289. Give z(-99).
2
Let m(k) = 17170*k - 188869. Determine m(11).
1
Let d(v) = -5*v**2 - 4836*v - 24155. Determine d(-5).
-100
Let d(z) = 286752*z - 573592. Determine d(2).
-88
Let b(t) = t**2 - 190157*t - 1521314. Calculate b